13 + 4?
11
What is (1 - (-2 + 5)) + (-19 - (0 + -4))?
-17
16 + -4 - (9 + -2 + 1 + -3)
7
-6 - (7 + 3 + 1 + -8 + 4)
-13
(9 - -1) + -489 + 516
37
Calculate -4 + (2 + 3 + 0 - -5).
6
Evaluate (12 - (-12 + 13)) + (-9 - -2).
4
(4 - 0) + (-3 - (24 + -7))
-16
Evaluate 13 + (-10 - 6) + -9.
-12
Calculate 9 - 12 - (-6 - -6) - -1.
-2
What is 9 - (-20 + 32 - -4)?
-7
What is -9 + 1 + -2 + 0 + 8?
-2
What is 83 + -89 + (3 - -8)?
5
Calculate 206 - 188 - (-3 + -1).
22
What is 5 + (19 - (-22 + 32))?
14
Calculate 25 - 15 - (3 + 6 + 1) - 6.
-6
What is the value of -18 - (10 - 24) - (-2 + 0 + -1)?
-1
Evaluate -12 - (5 + -12) - 8.
-13
What is the value of (17 - 14) + -4 - -4?
3
Evaluate -6 + -4 + 6 + 6 + 3 - -31.
36
What is the value of -11 + 0 + 17 + 5 - 21?
-10
What is the value of 6 - (9 - 11) - 1 - (4 + 1)?
2
Evaluate -15 - (-7 + ((4 - 4) + -2 - -6)).
-12
Calculate (25 - (-25 - -63)) + -7.
-20
What is the value of (101 - -55 - 123) + (2 - (0 - -1))?
34
What is the value of 6 + 0 + (0 - -6) - 15?
-3
What is 1 - (1 + -4 - 9 - (-2 - 4))?
7
What is the value of (1 - (2 - 3)) + (-4 - 4 - 18)?
-24
Calculate -2 + 0 - -27 - (-77 - -83).
19
Calculate (-2 + 0 - (10 + -8)) + 6.
2
11 + (4 - (-3 - -13))
5
(-31 - -12) + 21 + 6 + -39
-31
What is -5 + 8 + 2 + -2 + 2?
5
What is -3 + 21 + (7 - 17)?
8
Calculate 0 + 2 + -5 + 145 + -150.
-8
Evaluate -13 - (8 - 0 - (16 + -10 + -1)).
-16
What is 18 - (15 + -31 - -29)?
5
Evaluate 0 - (2 + -4 + 2 + 6).
-6
-17 + (18 - (-30 + 16)) - 47
-32
Evaluate 24 + -25 - -2 - (-1 - -1 - -9).
-8
What is 63 + -46 + (-11 - 1)?
5
Calculate 3 - (4 + -15 + 4 - 10).
20
Evaluate -6 + (63 - 38) + -30.
-11
-1 - -9 - (-60 + -5 + 76)
-3
What is the value of (-3 - (4 + 1) - 8) + 8 - -13?
5
What is (-7 - (-9 + -1)) + 3 - 5?
1
-13 + -7 + 9 + 0
-11
Calculate -3 - (2 + -1) - (-29 + -8 + 22).
11
What is 50 + -33 - 28 - 10?
-21
60 + (33 - 106) + (2 - 0 - 10)
-21
What is 0 - 4 - (-2 + 0 + 3)?
-5
Calculate 3 - 0 - (-81 + 82 - (-20 - 1)).
-19
Calculate -23 + 11 + -1 + 276 + -286.
-23
Calculate 6 + -9 + 3 + 11 - 6.
5
Evaluate (3 - (-5 + 3)) + (-11 - 5).
-11
What is 403 + -398 + (-2 - (32 - 0))?
-29
What is the value of -36 + (8 + -17 - -21) + 12 - -27?
15
What is 13 + 0 + 6 - (-7 + 4 - -8)?
14
Evaluate (4 - 23) + (-64 - -84).
1
What is the value of 26 + -21 + (4 - 1) + 3?
11
What is the value of (-30 - -70 - 16) + -41?
-17
12 + (5 - 3) - (1 - 15 - -19)
9
-35 + 65 + (12 - 17)
25
What is the value of -17 + (-5 - -16 - 3)?
-9
11 - ((-9 - 16) + 49)
-13
What is the value of 6 + 6 + -1 + (68 - 76) + -25?
-22
(3 + 1 - 0) + -2
2
Evaluate (1579 - 1545) + -48 + 2.
-12
11 + 1 - 9 - -14 - 0
17
Evaluate -6 - (-16 + 2) - 18.
-10
Calculate 0 - 6 - (10 - (-23 + 45)).
6
What is the value of -14 - (9 - 34) - 15 - 2?
-6
What is the value of 6 + 1 + (-24 - (30 + -26 - 29))?
8
What is the value of (-2 - -32) + 34 + -62 + 16?
18
What is the value of 12 + -19 + (23 - 13)?
3
Calculate 7 + 10 + (8 + -20 - -7).
12
What is 26 - -28 - 34 - 34?
-14
Calculate 18 - 4 - ((2 - -3) + -3).
12
Evaluate (4 - -72) + -36 - 33.
7
Calculate (-8 + 0 - -9) + (5 - 0) - 10.
-4
What is the value of 1 + -21 + (39 - 2)?
17
(2 - 1) + (4 - (-16 + 27))
-6
What is (-34 - -11 - -5) + 21?
3
What is the value of 11 + (-9 - -2) + (3 - (-2 + 0))?
9
Calculate (0 - 5) + -95 + 89 - 1.
-12
What is the value of -8 - (-5 - (-11 + 9))?
-5
What is -13 - 10 - -33 - 24?
-14
Evaluate 11 - 38 - -35 - 8.
0
What is -56 + 37 + (0 + -2 - 8 - -3)?
-26
What is 1 + 4 + -29 - -14?
-10
What is the value of 1 - 1 - -9 - (0 - 13)?
22
Calculate (-19 - -9 - -19) + 2 + 0 - 38.
-27
Calculate (21 + 2 - 5) + -6.
12
(10 - (-8 + 10)) + 12 + -30
-10
Calculate 1 + 5 + (-7 - (-1 + (-4 - -2))).
2
What is the value of 10 - ((5 - (-9 - -20)) + 13)?
3
What is 33 - 11 - (9 + 8)?
5
Calculate -8 + (15 - 15 - -17).
9
Evaluate -1 - (4 + (14 - 11)).
-8
Evaluate (20 - 0) + (-298 - -265).
-13
-10 + -4 + -1 - -10
-5
What is -3 - (-13 - (21 + -40))?
-9
-32 + (45 - 48) + 6
-29
What is the value of 3 + (3 + (6 - 14) + -13 - -3)?
-12
What is 3 + -17 + 12 + (3 - -5 - -2)?
8
Calculate -27 - -25 - 8 - 13.
-23
What is the value of (3 - 4) + 5 - (5 + -7) - 12?
-6
11 + -11 + 3 + 6
9
What is (-3 + (1 - -2) - -3) + -164 + 180?
19
Calculate -3 + 2 + 5 - (-8 + 2 - -2).
8
Calculate -14 + -17 + (-16 - -28) - -4.
-15
What is 6 - (10 + -11 + 4)?
3
Evaluate -15 - (-7 + (-4 - -15) + -15).
-4
Calculate (-8 - -20 - 13) + 13 + 1.
13
What is the value of 67 - 38 - (16 - 1)?
14
Evaluate -5 - -2 - (-8 - (2 - -4)).
11
Calculate (-9 - 1) + (147 - 162).
-25
What is 2 + 3 + (8 - (-9 + 26))?
-4
What is (-16 - (0 - 5)) + -3 + 24?
10
-8 - 0 - (4 - -4 - 17)
1
What is the value of (7 - 0) + (28 - (79 - 28))?
-16
What is the value of 45 - (-15 - (-61 - -16))?
15
Calculate 7 + (3 + -1 - 0) + -5.
4
Evaluate -2 + 27 + (-23 - (14 + -26)).
14
5 + -8 + (23 - (-6 - -14))
12
Calculate -4 + 1 - (187 + -190 - (-14 + -1)).
-15
Calculate -1 + (23 + -3 + -8 - 12).
-1
What is the value of 5 - (0 - -12 - 25)?
18
Evaluate -205 - -232 - (25 - -3).
-1
Evaluate -18 - (-3 - (42 - 25)).
2
Calculate -14 + -11 - -50 - 18.
7
-6 - (7 - 5 - 12) - (-36 - -7)
33
(6 - 3) + -28 - -42
17
What is 5 - (7 - -12) - (18 + -16)?
-16
Calculate -12 - (7 + -36 + 13).
4
Calculate (-7 - (-11 + -3)) + (-7 - -17) + -16.
1
Calculate 0 - (0 + -3 + 10 + -6).
-1
Evaluate 10 + -6 + (-11 + 9 - 6).
-4
What is -1 + (0 - -18) - (8 - 1)?
10
What is 36 + -31 - (1 + 2)?
2
What is 15 + 8 - 46 - -24?
1
What is (-346 - -365) + (0 - 1 - 4)?
14
(-14 - 12 - -6) + 9
-11
Calculate 7 + (-7 - (24 + -11)).
-13
Evaluate 23 + -25 - (0 - (-1 - -1)).
-2
What is the value of 6 + 9 + (-2 - 18) + 9?
4
Evaluate 8 + 0 + 7 + 2 + -15 - -6.
8
13 + 3 + -6 + -4 + -2 - 1
3
Calculate (-8 - -1) + (378 - 361).
10
-38 - -15 - -19 - 2
-6
Evaluate -29 - 1 - (0 - 4 - (-7 - -6)).
-27
What is -43 + 5 + 1 + (12 - 1)?
-26
What is the value of (5 - (-1 + 14)) + 1?
-7
What is -13 + 7 + 25 - 3?
16
Calculate (2 - 8 - (-2 - -3)) + 9.
2
What is the value of 216 - 178 - (77 + -4)?
-35
Calculate 2 + -4 - (-124 + 90).
32
Calculate -14 - 1 - ((0 - -25) + -28).
-12
-1 + (12 - ((-13 - -7 - 1) + 4))
14
(19 + -21 - 37) + 60
21
Calculate 2 - (-16 + (-23 - -26)).
15
-9 - (5 + (-4 - 7) + 3)
-6
Evaluate (-18 - -4) + 1 - -8 - (-19 + 0).
14
What is the value of (-5 - (-3 - 10)) + -8 - (-3 + -9)?
12
What is -5 + -1 + (28 - 28) + 5 - 4?
-5
Evaluate (-23 - -47 - 63) + 27.
-12
Evaluate 16 - (-7 - (-7 - 8)).
8
Evaluate 52 - 51 - (-3 + 2 - -3 - -1).
-2
-6 + (-13 - -11 - (-2 - 0))
-6
What is -170 + 184 + (-3 - 0)?
11
What is 11 - (3 - 0 - (-8 - -8 - -5))?
13
What is -8 + 2 + -1 - (28 + -50 - -18)?
-3
What is (1 - -1) + -2 + 46 + -43?
3
(-7 + 9 - 1) + (3 - 5) + 1
0
1 + (-5 - (10 + -13))
-1
Evaluate 11 - 0 - (27 + -4) - -7.
-5
What is -13 + 3 - ((1 - -2) + 0) - -2?
-11
What is (2 - 0) + -27 - (-53 - -30 - -23)?
-25
-15 - (11 - 9 - 2)
-15
Evaluate (2 - 0) + (-67 - -67).
2
Evaluate (1 - -11) + -26 + -17 + 35.
4
What is the value of (126 + -92 - (-1 + 3 - -10)) + 4?
26
What is the value of (1 - 4 - (-15 + 13)) + 1 + -1?
-1
What is -3 + 11 - (43 - 45)?
10
Calculate 3 + (0 - 5) + (-15 - -23) + 4.
10
7 + -1 + -3 + (-26 - -32) + 1
10
What is 2 + (1 - 12) + 747 + -744?
-6
What is (24 + -31 - (-1 + -5)) + -7 + 2?
-6
Evaluate -23 + 2 + -24 + 27.
-18
What is the value of -35 + 49 + -4 + 10 + 9?
29
What is the value of 22 - (19 + -6 + 4)?
5
What is 0 - (-14 - -17 - 6)?
3
What is -1 + 5 + (-47 + 1 - (319 + -328))?
-33
What is the value of -6 + -4 + 3 - (3 + (2 - 0))?
-12
-12 + -3 + -3 + (1 - -5)
-12
What is 9 + (-7 - (-18 + 35))?
-15
(9 - (2 - 4 - 0)) + 143 + -145
9
-10 - (24 - 0 - (12 - (15 + -8)))
-29
-18 + -2 + (-14 + 19 - -1)
-14
What is the value of 84 + -2 + -64 - (0 + 46)?
-28
(29 - 28) + (-1 - -1) - 4
-3
11 + (15 - 23) - 24
-21
Calculate 25 - 44 - -40 - (-2 + (-4 - -15)).
12
What is the value of -11 + (122 - 145 - ((0 - -2) + -4))?
-32
What is the value of (-4 + 26 - (0 + 2)) + (1921 - 1914)?
27
What is the value of -3 + -10 + (-18 + 10 - (-2 + -3))?
-16
1 + 16 + -310 + 300
7
What is 35 - ((34 - -8) + -15)?
8
Evaluate 5 + ((-7 - 1) + 0 - -20).
17
Calculate (3 - 1) + (-8 + 3 - -3) + -4.
-4
Calculate 11 + 17 + -13 + -31.
-16
(-3 - 3) + (36 - 30)
0
Evaluate -2 - -23 - (-9 + 4 + 16).
10
What is the value of -8 - -2 - (-1 + -5 - (25 + 